- 178*u - 1440. What is the thousands digit of l(-9)?
8
Let u(f) = -f**3 + 25 - 28 + 88 - 3*f**2 - 2*f. What is the tens digit of u(0)?
8
Let l be -1 - 4/(-16)*-6*-2. Suppose -3*j = -l*j - 5. Suppose -4*b + j*b = 3, 3*h + 2*b = 66. What is the units digit of h?
0
Suppose -3*j - 5*u = -143, 3*u - 56 = -4*j + 131. Let c = 2 - j. Let k = 46 + c. What is the units digit of k?
2
Let x = -46197 + 105896. What is the units digit of x?
9
What is the tens digit of 17173/3 + (-528)/396?
2
Let i be 15*(-2)/(-10) + -1 + 0. Suppose -5*h = -h - 8. Suppose 4*p - 5*b + 1 = i, 3*b - 17 = -h*p. What is the units digit of p?
4
Let o be 44/(-110) - 2607/(-5). Suppose 9*j - 10*j - o = -y, j = 2*y - 1041. What is the units digit of y?
0
Suppose 117*z - 126*z + 84240 = 0. Suppose -9*m = -21*m + z. What is the hundreds digit of m?
7
Let r be -6 + 13 + -8 + 4. Suppose 5*p - 3*z - 4 = 12, 1 = -p + 2*z. What is the hundreds digit of (2 - r)*-25*p?
1
Let i(y) = -56 + 36*y - 20 - 9 + 19*y. What is the hundreds digit of i(9)?
4
Let s(b) = -b**3 + 14*b**2 + 22*b + 24. Let x be s(16). What is the tens digit of (-121006)/x + (0 - -2)/8?
9
Let k be (-12)/(-8) - 1162/4. Let a = 720 + k. What is the tens digit of a?
3
Suppose 5*h = -5*j + 108875, 2*h + 4*j + 0*j = 43564. What is the ten thousands digit of h?
2
Suppose -37*p + 94531 = -17283. What is the tens digit of p?
2
Suppose -445*q = -43958128 + 4458040 - 4570042. What is the thousands digit of q?
9
Let f = 58552 - 39556. What is the thousands digit of f?
8
Let p be ((-54)/(-24) + (-4 - -3))*-4. Let o(f) be the first derivative of -35*f**2/2 + 41*f + 10. What is the units digit of o(p)?
6
Let p(y) = 2*y + 21*y + 2313 - 2292. What is the tens digit of p(6)?
5
Let c = 6 + -8. Suppose -2*l = 11*l + 13. What is the hundreds digit of -2 - (c + l) - -109?
1
Let q be 0 - (-4113)/6 - 5/(-10). Let f = q - 419. What is the units digit of f?
7
Let c = -9500 - -21046. What is the thousands digit of c?
1
Suppose 13*c - 5*c - 13216 = 0. Suppose -5*t - 414 = -4*q - 2478, -3*q = -4*t + c. What is the tens digit of t?
1
Suppose 4*h = -3*h + 42. What is the units digit of (-59)/(-354) + (2 - (-4121)/h)?
9
Suppose g = 2*x - 14, -x = -2*g + 6 - 19. Suppose -5*b + x*d + 1960 = 0, -3*b = b - 2*d - 1562. What is the hundreds digit of b?
3
Suppose 3*y - 10*y - 105 = 0. Let l(u) = -9*u - 8. What is the hundreds digit of l(y)?
1
Let j(f) = 6*f**2 - 13*f - 1. Let x(g) = -7*g**2 + 13*g + 2. Let k = -52 + 48. Let z(o) = k*x(o) - 5*j(o). What is the tens digit of z(5)?
1
Let f = -10882 + 17372. What is the hundreds digit of f?
4
Suppose -140 = 9*k - 5*k. Let m = -14 - k. Let g = m - -54. What is the tens digit of g?
7
Let f(t) = -t**2 + 6. Let r be f(0). Suppose 0 = -4*z, 0 = -2*y - 3*z + r*z + 1498. Suppose s = -4*x - s + 754, -4*x = 3*s - y. What is the units digit of x?
1
Suppose -888*z = -897*z + 112329. What is the units digit of z?
1
Suppose -2*i - 5*v - 15 = 0, -5*i - 3*v + 8 = -2. Suppose -i*r + 0 = -20. Suppose -h + r*h - 57 = -2*d, -3*h - 5*d = -48. What is the tens digit of h?
2
Suppose 481*r - 512*r = -437813. What is the hundreds digit of r?
1
Let o(u) = -3*u**3 - 6*u**2 - u - 2. Let a be (8/(-16))/((-1)/(-8)). Let z be o(a). Suppose 2*g = z + 36. What is the tens digit of g?
6
Suppose 12557 + 2278 = 3*f + 4*r, -3*f = -5*r - 14862. What is the thousands digit of f?
4
Let k(v) be the first derivative of 132*v**2 + 7*v - 39. What is the units digit of k(2)?
5
Let h(w) = 86*w - 5. Let r be h(4). Let a = 3135 + -3012. Let g = r - a. What is the units digit of g?
6
Let c = 267 + 875. What is the units digit of (c - -8)*12/15?
0
Let p = 834 - 831. Let g be ((-38)/(-6))/((-1)/(-54)). Suppose 4*j + 5*n - 454 = 0, 0*j = p*j + 3*n - g. What is the tens digit of j?
1
Let j = -21983 + 39312. What is the hundreds digit of j?
3
Let u(t) = -2*t + 1. Suppose 88 = -20*n - 72. What is the units digit of u(n)?
7
Suppose 0 = 15*h + 37 + 38, 3*k - 75962 = 4*h. What is the units digit of k?
4
Suppose -4*w - 147786 = -4*n + 73766, -3*n = 5*w - 166180. What is the tens digit of n?
9
Let i(p) = -52*p - 38. Let t be 13/((-65)/50)*1. What is the tens digit of i(t)?
8
Let a(n) = 3*n**2 - 33*n + 226. Suppose 0 = -7*o + 90 + 57. What is the tens digit of a(o)?
5
What is the tens digit of 4148 - (-55)/(-11) - -10?
5
Let x = -294 + 252. What is the tens digit of (63/x)/((-6)/596)?
4
Let n(i) = i**2 + 5*i + 10. Let k be n(-3). Let u(t) = -4*t**3 + 5*t**2 + t - 4. Let c be u(-4). Suppose c = k*y - 0*y. What is the units digit of y?
2
Let u = 83792 + -34994. What is the thousands digit of u?
8
Let v = 1643 - -7532. What is the units digit of v?
5
Let x = 48 - 37. Suppose -x = 3*y + 2*w, -w + 27 = -y + 3*w. What is the units digit of (-42)/y*(-74)/(-4)?
1
Let b = -263 + 263. Suppose b = -78*h + 77*h + 143. What is the units digit of h?
3
Let z(a) = 17*a**2 + 56*a - 479. What is the tens digit of z(14)?
3
Let a be ((-3968)/(-310))/((-4)/30). Let w = -65 - a. What is the units digit of w?
1
What is the thousands digit of (-148188)/(-54) + 4/(-18)?
2
Let b = 25 - 15. Suppose y + b = 4*u, -4*y - 10 = 3*u - 65. What is the units digit of y?
0
Let w(x) = 212*x**2 - 19*x + 15. What is the units digit of w(-7)?
6
Let w(x) = x**3 + 8*x**2 + x - 14. Let c be w(-7). Suppose -z + 31 - c = 0. Suppose 8*k - 60 = z*k. What is the units digit of k?
2
Let w(m) = 40*m + 25. Let f be w(7). Let c = 331 - f. What is the tens digit of c?
2
What is the thousands digit of 24514 + (5/(-4))/((-30)/(-120))?
4
Let h be -3 + (6 - 1 - -2). Suppose 54 = -h*m + 62. What is the hundreds digit of (1 + 1*-3)/(m/(-113))?
1
Suppose 5*b = 2*c + 34, 2*b + 0*b - c - 13 = 0. Suppose -b*j = -82 - 1678. Suppose 2*z - j = -4*p, -6*z + 3*z = -5*p + 297. What is the tens digit of p?
5
Let n(f) = 3293*f**2 + 140*f + 11. What is the tens digit of n(5)?
3
Let j(c) = -c**3 + c + 1. Let s(o) = -8*o**3 + o**2 + 5*o + 4. Let k(a) = 5*j(a) - s(a). Let f be k(-1). What is the tens digit of (1 - 62)*(f*1 - -2)?
6
Let k(q) = 4*q**2 - 2*q - 100. Let j be k(0). Let z = j + 341. What is the units digit of z?
1
Let a(i) = 88*i**3 + 2*i**2 - i + 3. Let x be a(2). Let z = -596 + x. What is the units digit of z?
7
Suppose -21 = -5*g + 2*g. Suppose 0 = -55*s + 69993 + 34342. Suppose -g*h + s = -0*h. What is the units digit of h?
1
Suppose -93*k + 14*k - 14*k = -1788018. What is the thousands digit of k?
9
Let r = 6698 - 819. What is the hundreds digit of r?
8
Suppose -452 - 542 = -14*n. Let h = n - -1341. What is the hundreds digit of h?
4
Let w(h) = -133*h**3 - 5*h**2 + 5*h + 2. What is the units digit of w(-4)?
4
Let i(p) = p**3 + 89*p**2 + 68*p + 7775. What is the ten thousands digit of i(-84)?
3
Let j = -77759 - -137312. What is the hundreds digit of j/52 - (-9)/12?
1
Let o(i) = 441*i - 1939. What is the tens digit of o(22)?
6
Suppose 20 = 2*u - 6*u, -3*z + 12910 = u. What is the thousands digit of z?
4
Let m(a) = -6*a - 30. Suppose 5*u + 20 = -10. Let b be m(u). Suppose -b*q - 51 = -207. What is the units digit of q?
6
Suppose 0 = 2*h - 4*l + 2840, -7145 = 5*h + 7*l - 8*l. Let o = h + 2413. What is the hundreds digit of o?
9
Let n be -3*1 + 330/2. Let s(r) = 2*r**2 - 15*r + 20. Let t be s(6). Suppose -t*z + n = -2*k, 0*k - 83 = -z - k. What is the units digit of z?
2
What is the thousands digit of -72*263*3*12/(-36)?
8
Suppose -12*c = -17*c + 20, 3*c = -5*i + 27672. What is the hundreds digit of i?
5
Let k = 58 - 53. Suppose -k*v = v + 912. Let y = v + 290. What is the tens digit of y?
3
Suppose -5*u = -3*f - 1495, -4*f + f - 2*u = 1460. What is the tens digit of 10/20*(-2 - f)?
4
Suppose 0 = 30*r - 21*r - 18. Suppose -r*p + a + 16 = -7, 0 = 3*p - 4*a - 42. Suppose p*d - 872 = 2*d. What is the units digit of d?
9
Suppose -10*r + 119 + 81 = 0. Let p be (-4)/r + (-294)/30. Let i(n) = n**2 + 7*n + 8. What is the tens digit of i(p)?
3
Let g be (12/16)/(2/(-72)) - -3. Let u = 32 + g. What is the tens digit of (-700)/(-8) + (-12)/u + 3?
8
Let i(q) = -q**3 + 15*q**2 - 13*q + 8. Let x be i(14). Let h be (-59652)/66 + (-4)/x. What is the units digit of (h/6 + 0)/((-6)/9)?
6
Let s = -152 - -69. Let k = s - -83. Suppose -413 = -5*b + 4*v, 3*b + k*b = 2*v + 247. What is the units digit of b?
1
Let c(j) = -3*j**3 - 42*j**2 - 2*j - 85. What is